0311?
3
What is the units digit of 420677?
7
What is the ten thousands digit of 2920680?
2
What is the hundreds digit of 1546372?
3
What is the hundred thousands digit of 2436974?
4
What is the ten thousands digit of 492089?
9
What is the thousands digit of 375659?
5
What is the tens digit of 13493443?
4
What is the thousands digit of 510179?
0
What is the hundred thousands digit of 17902171?
9
What is the ten thousands digit of 1292246?
9
What is the units digit of 133542?
2
What is the hundreds digit of 658371?
3
What is the units digit of 45517?
7
What is the ten thousands digit of 152557?
5
What is the hundreds digit of 1032673?
6
What is the tens digit of 29518016?
1
What is the millions digit of 3403990?
3
What is the hundred thousands digit of 1146757?
1
What is the tens digit of 424811?
1
What is the thousands digit of 957421?
7
What is the units digit of 13026035?
5
What is the units digit of 156170?
0
What is the hundreds digit of 1524518?
5
What is the thousands digit of 868479?
8
What is the units digit of 1622356?
6
What is the hundreds digit of 513589?
5
What is the units digit of 835305?
5
What is the units digit of 336068?
8
What is the ten thousands digit of 152224?
5
What is the units digit of 3568512?
2
What is the hundred thousands digit of 592471?
5
What is the hundred thousands digit of 824402?
8
What is the hundred thousands digit of 1086667?
0
What is the units digit of 1198171?
1
What is the thousands digit of 974571?
4
What is the hundred thousands digit of 3160990?
1
What is the ten thousands digit of 122828?
2
What is the hundred thousands digit of 1286888?
2
What is the hundreds digit of 205118?
1
What is the ten thousands digit of 701515?
0
What is the hundred thousands digit of 7844414?
8
What is the thousands digit of 164770?
4
What is the tens digit of 10900?
0
What is the hundred thousands digit of 12662679?
6
What is the units digit of 4261613?
3
What is the units digit of 7568787?
7
What is the millions digit of 1301383?
1
What is the thousands digit of 1035930?
5
What is the hundred thousands digit of 166421?
1
What is the hundreds digit of 11700312?
3
What is the thousands digit of 1361161?
1
What is the hundreds digit of 485017?
0
What is the hundreds digit of 531436?
4
What is the tens digit of 154984?
8
What is the thousands digit of 12518592?
8
What is the thousands digit of 95290?
5
What is the ten thousands digit of 240483?
4
What is the ten thousands digit of 7126094?
2
What is the hundreds digit of 480557?
5
What is the tens digit of 12234910?
1
What is the thousands digit of 120564?
0
What is the hundred thousands digit of 14161114?
1
What is the thousands digit of 1363979?
3
What is the units digit of 4441589?
9
What is the hundreds digit of 605121?
1
What is the tens digit of 6402256?
5
What is the units digit of 41784?
4
What is the units digit of 135201?
1
What is the ten thousands digit of 3969391?
6
What is the units digit of 368774?
4
What is the units digit of 619878?
8
What is the millions digit of 23587400?
3
What is the ten thousands digit of 1390978?
9
What is the hundreds digit of 833849?
8
What is the hundreds digit of 621250?
2
What is the thousands digit of 13974009?
4
What is the hundreds digit of 9361580?
5
What is the ten thousands digit of 2060561?
6
What is the tens digit of 1452020?
2
What is the hundreds digit of 5639995?
9
What is the thousands digit of 439513?
9
What is the ten thousands digit of 26071873?
7
What is the hundred thousands digit of 688693?
6
What is the hundred thousands digit of 117499?
1
What is the hundred thousands digit of 3746334?
7
What is the hundreds digit of 141444?
4
What is the ten thousands digit of 17207?
1
What is the units digit of 10877922?
2
What is the units digit of 12208850?
0
What is the hundred thousands digit of 127030?
1
What is the tens digit of 532232?
3
What is the ten thousands digit of 189917?
8
What is the ten thousands digit of 1945191?
4
What is the hundreds digit of 5159591?
5
What is the millions digit of 4413937?
4
What is the hundred thousands digit of 113928?
1
What is the ten thousands digit of 9481880?
8
What is the hundreds digit of 62844?
8
What is the thousands digit of 425444?
5
What is the tens digit of 86971?
7
What is the ten thousands digit of 149869?
4
What is the tens digit of 297944?
4
What is the units digit of 236859?
9
What is the hundred thousands digit of 3151500?
1
What is the tens digit of 90323?
2
What is the units digit of 2058718?
8
What is the units digit of 26202?
2
What is the ten millions digit of 37772891?
3
What is the thousands digit of 15986070?
6
What is the thousands digit of 2872491?
2
What is the units digit of 338083?
3
What is the ten thousands digit of 1077099?
7
What is the hundred thousands digit of 5682246?
6
What is the thousands digit of 7453871?
3
What is the millions digit of 3361721?
3
What is the tens digit of 3708?
0
What is the hundreds digit of 747490?
4
What is the tens digit of 242273?
7
What is the thousands digit of 2692700?
2
What is the ten thousands digit of 6065334?
6
What is the tens digit of 2323415?
1
What is the ten thousands digit of 73964?
7
What is the units digit of 615735?
5
What is the units digit of 4140246?
6
What is the hundred thousands digit of 7016742?
0
What is the units digit of 11848552?
2
What is the hundreds digit of 2658900?
9
What is the thousands digit of 298252?
8
What is the hundreds digit of 4732095?
0
What is the tens digit of 5061464?
6
What is the hundreds digit of 12849543?
5
What is the units digit of 1087602?
2
What is the ten thousands digit of 295867?
9
What is the ten thousands digit of 192618?
9
What is the units digit of 39552638?
8
What is the hundreds digit of 2088280?
2
What is the hundreds digit of 65483?
4
What is the tens digit of 9526703?
0
What is the hundred thousands digit of 14172576?
1
What is the hundreds digit of 144924?
9
What is the tens digit of 97454?
5
What is the tens digit of 1016383?
8
What is the ten thousands digit of 998898?
9
What is the hundred thousands digit of 29151241?
1
What is the tens digit of 1602444?
4
What is the hundred thousands digit of 998135?
9
What is the millions digit of 1095802?
1
What is the units digit of 1188237?
7
What is the ten millions digit of 17355368?
1
What is the units digit of 2642621?
1
What is the hundred thousands digit of 1943777?
9
What is the hundred thousands digit of 173544?
1
What is the tens digit of 6267352?
5
What is the units digit of 282821?
1
What is the thousands digit of 741483?
1
What is the tens digit of 32392?
9
What is the units digit of 1267822?
2
What is the ten thousands digit of 6117482?
1
What is the ten thousands digit of 104167?
0
What is the thousands digit of 8827508?
7
What is the ten thousands digit of 273049?
7
What is the units digit of 79060?
0
What is the thousands digit of 44980?
4
What is the millions digit of 1064131?
1
What is the tens digit of 93599?
9
What is the units digit of 9216310?
0
What is the units digit of 4196?
6
What is the hundred thousands digit of 9406768?
4
What is the thousands digit of 286457?
6
What is the hundred thousands digit of 1247732?
2
What is the hundreds digit of 31893177?
1
What is the units digit of 119401?
1
What is the hundred thousands digit of 934793?
9
What is the units digit of 862445?
5
What is the hundred thousands digit of 384817?
3
What is the hundreds digit of 94013?
0
What is the tens digit of 217784?
8
What is the millions digit of 10623712?
0
What is the hundreds digit of 1609419?
4
What is the millions digit of 1884985?
1
What is the units digit of 167909?
9
What is the ten thousands digit of 6597315?
9
What is the hundreds digit of 9933375?
3
What is the units digit of 843859?
9
What is the millions digit of 2047505?
2
What is the units digit of 3227100?
0
What is the tens digit of 200090?
9
What is the millions digit of 10201627?
0
What is the millions digit of 26597995?
6
What is the hundreds digit of 268024?
0
What is the hundred thousands digit of 571555?
5
What is the hundreds digit of 32733482?
4
What is the thousands digit of 744872?
4
What is the hundred thousands digit of 223860?
2
What is the ten thousands digit of 694408?
9
What is the tens digit of 10113768?
6
What 